te?
True
Suppose -11*l + 19*l = 26008. Is l a prime number?
True
Let x be ((-424)/6)/(1/(-3)). Let u = x - 99. Is u prime?
True
Let k(r) be the second derivative of r**4/12 - r**3 - r**2 - 7*r. Let m be k(7). Suppose -4 + 14 = m*y. Is y composite?
False
Let x(a) = -104*a**3 + 4*a**2 + 4*a + 5. Is x(-4) composite?
False
Suppose 4*q - 20 = 0, i - 4*q = -4*i + 2850. Is (i/(-8))/((-4)/16) a prime number?
False
Let j(g) = -10*g - 5*g + 67*g - 11. Let y be j(5). Suppose -115 = -4*n + y. Is n a composite number?
True
Is 2/((-90)/362535*2/(-6)) a prime number?
True
Suppose -2*o = 4*c - 15770 - 12320, -o = c - 14048. Is o prime?
True
Let a = -14559 - -25916. Is a composite?
True
Let b be (2 - 1211/(-2))*(-38)/(-57). Suppose -5*o = -3*o - 8. Is b/2 + 2/o prime?
False
Let a(q) = 0*q - 2*q + 4*q - 6. Let m be a(8). Suppose 0 = -r - 0*r + m. Is r a prime number?
False
Suppose 389665 = 3*j + i, -3*j + 2*i + 175259 = -214394. Is j a prime number?
True
Suppose 5 + 14 = -v + 5*h, 5*v - 5*h - 5 = 0. Let q(a) = 37*a - 4. Let r(l) = -37*l + 5. Let p(z) = v*q(z) + 5*r(z). Is p(4) composite?
False
Let i be (-3 + 5)/((-5)/85). Let r = 9 - i. Let x = r - -6. Is x prime?
False
Let r be -3 + -1 + (-7)/(-1). Suppose 3*s + 792 = r*v, 2*s = v - 3*s - 268. Is v a composite number?
False
Suppose -3*o + 12 = 3*y, 5 + 23 = 2*y - 2*o. Suppose -a + y = 6. Suppose a*j - 1893 = -0*j. Is j a composite number?
False
Let v(t) be the first derivative of 37*t**4/4 + t**3/3 - t - 3. Is v(1) a composite number?
False
Suppose -3*t + 3*q + 47515 = 10336, -q + 1 = 0. Is t composite?
True
Suppose 3*c - 11966 = -g, 2*c + 0*c - 7966 = 5*g. Suppose 2*n = 0, -7*a + c = -3*a - 2*n. Is a prime?
True
Suppose l - 3*l + 8448 = -5*n, 0 = n - l + 1689. Let k = n + 2903. Is k composite?
False
Let x = 39 - 37. Suppose 5*r - 14679 = -4*f, -2*f + x*r = 3*r - 7341. Is f prime?
True
Let w(n) = 22 - 12 + 49*n**3 + 0*n**2 + n**2 - 11. Is w(1) a prime number?
False
Let o(w) = -w**3 + 8*w**2 - 2*w + 9. Let n(b) = -b**2 - 9*b + 1. Let v be n(-8). Suppose -v = h - 1. Is o(h) prime?
True
Suppose 3*j - 13962 - 44787 = 0. Is j a composite number?
False
Let r(d) = -33 - 2*d + 26 + 19. Let j be r(8). Is ((-422)/j)/(2/4) composite?
False
Suppose -7*g = 68 - 26. Suppose -4*b = 104 - 548. Is (12/(-3))/(g/b) a composite number?
True
Suppose -u + 4 - 12 = -a, -4*u = 3*a - 31. Let j = 77 + a. Let v = -7 + j. Is v a prime number?
True
Suppose 0 = -c + 5*s + 1911 + 1010, -3*c + 8763 = -4*s. Is c a composite number?
True
Let d(i) = i**2 + 6*i - 24. Let f(p) = p**2 + 6*p - 24. Let j(b) = -2*d(b) + 3*f(b). Is j(15) composite?
True
Let w(m) = -m**2 + 51*m - 11. Is w(30) a prime number?
True
Let c be (0 + -2)*54/(-36). Is -113*(0 - 3/c) a prime number?
True
Let u(c) = -2*c - 38. Let w(i) = -i - 19. Let q(j) = 3*u(j) - 5*w(j). Let m be q(-6). Let a(n) = -n**2 - 17*n + 3. Is a(m) a composite number?
True
Let b = 4894 - 2800. Is (-63)/(-18)*b/3 a prime number?
False
Let i = -12138 - -23785. Is i composite?
True
Is (-8)/84*7 - (-176145)/9 composite?
False
Is 4/(-22) + (594668/44 - 8) prime?
False
Let h = -6995 - -10309. Is h prime?
False
Let a(u) = 13*u - 5 + 11*u**2 - 6*u**2 + 12 + 18*u**2. Is a(-5) a composite number?
True
Suppose -8 = -4*b, -v + b = v + 2. Suppose v = c - 933 + 84. Suppose -4*p + c = 5*z, 2 = -z + 3. Is p a prime number?
True
Suppose 109*h + 2012 = 111*h. Is h composite?
True
Let u(a) = 177*a**2 + 8*a - 1. Is u(4) prime?
False
Let x(k) = 18 - 3 - 6 + 906*k - 8. Is x(1) a composite number?
False
Let i be 3/(-1) + (-2)/((-8)/(-6284)). Let p = 12547 + i. Is p a composite number?
False
Suppose 3*w + 5*w - 144 = 0. Suppose -5*y - 2*r + w = 0, -3*r = 2*y - 3*y + 7. Is (-3 + 713)/(8/y) a composite number?
True
Let s = -8 + 15. Suppose 1723 + 174 = s*m. Suppose 0 = -4*u - m + 2531. Is u composite?
True
Let z = -47 + 25. Is 1 - -978 - z/(-11) a prime number?
True
Let q(f) = 25*f**3 - 2*f**2 + 23*f - 179. Is q(8) a prime number?
False
Let a = 752 + 1407. Is a prime?
False
Is 3 + 1 + (-14313)/(-26)*4 composite?
True
Suppose 0 = 2*u - 0*u - 372. Suppose u = 2*x - 5*j, -11 = -3*j + 1. Is x prime?
True
Suppose -632*k + 635*k - 9309 = 0. Is k prime?
False
Is 4 - (-86863)/5 - 20/(-50) composite?
False
Suppose 4*a - 58326 = y - 5991, 2*a + 5*y - 26195 = 0. Is a prime?
False
Let g(s) = 166*s + 15. Let y be g(6). Let d = y + 368. Is d a prime number?
False
Let r = 38032 - -213. Is r prime?
False
Let a = -407 + 784. Suppose u - h - a - 258 = 0, 0 = 3*h. Suppose -4*c = c - u. Is c prime?
True
Let c = -4830 + 8081. Is c prime?
True
Suppose 959*b = 962*b - 22215. Is b a composite number?
True
Suppose -5*l - 3 = 3*p + 14, -3*p - 14 = 2*l. Suppose -3*k - 16 = -5*n, -4*n = 3*k - 34 + 5. Is 21 + p*k/6 prime?
True
Let y(n) = 2*n**2 - 12*n - 8. Let h be 0*3/3*-1. Suppose -g = -2*o - 2*g - 15, h = 2*o - 5*g + 33. Is y(o) a composite number?
True
Let j = -52 + 50. Is (j/(-1) + -1)*479 prime?
True
Let i(w) = w**2 - w - 1. Let m be i(3). Suppose -1172 = k - m*k. Is -2 + k + -3 + 3 composite?
True
Let l(g) = 591*g**3 + g**2 - 2*g + 11. Is l(3) a composite number?
False
Is (2 + -1 - -2)*(-211059)/(-81) prime?
True
Is 4722/3*(-14)/(-4) composite?
True
Is (8 + -22)/(-2) + 676 a prime number?
True
Let n(l) = -5*l - 10. Let b be n(-3). Suppose -3*v + b*v - 262 = 0. Is v a prime number?
True
Is (-66)/(-21) + -3 + (-975720)/(-21) a prime number?
False
Suppose 7*x - 8*x = 2*l - 4, -21 = -3*x + 3*l. Suppose -597 = -x*c + 501. Is c prime?
False
Let v be 2/(-11) + 370/(-22). Let t = -9 - v. Suppose 152 = z - 5*u - 24, 0 = -4*u - t. Is z a prime number?
False
Suppose 4*n = -5*n + 17154. Is n a prime number?
False
Let b = 28 + -27. Is b/((-866)/3496 - 3/(-12)) composite?
True
Let x(q) = 14*q**2 + 18*q - 40. Let r be x(-9). Let d = r - 183. Is d a composite number?
True
Let g = -732 - -2387. Is g a prime number?
False
Suppose 6*z - 30 = 36. Is (z - 12)/((-2)/46) prime?
True
Let y be (-4)/5*15/(-6). Let p be (-18 - -6)*y/6. Is 16030/126 + p/18 a composite number?
False
Suppose 0 = j + 4*c + 9, 12 = -4*j + 3*c - 5. Is ((-14108)/5)/4*j a prime number?
True
Let x(c) = 153*c**3 - 10*c**2 + 39*c + 5. Is x(6) composite?
True
Let n = -44 + 5365. Is n composite?
True
Is 307*-1*5*40/(-200) composite?
False
Let g = -668 + -3660. Let k = -2343 - g. Suppose -7*w = -2*w - k. Is w composite?
False
Suppose r = 5*r - 12. Let s be r + (915 - (-3)/3). Suppose -s = -2*d - 285. Is d a composite number?
False
Let m(d) = d**3 - 9*d**2 + d - 12. Let t be m(9). Is 7/((-14)/(-2916)) - t/3 a composite number?
False
Let o(l) = 107*l - 11. Let f be o(7). Is 0 + f - (1 - 0) a composite number?
True
Suppose -3*f + 131 = 3*l - 166, -5*f + 530 = -2*l. Let b = -90 + f. Is b composite?
True
Let k be 5*(90/110 + 2/11). Suppose 2*t - 1079 = l, 0*l - k*l = 3*t - 1638. Is t a composite number?
False
Let n(m) = -m**2 - 8*m - 9. Let b be n(-7). Let x = 6 + b. Suppose -5*g - 519 = -4*t, -x*t - 4*g + 2*g = -526. Is t prime?
True
Let z(u) be the first derivative of u**2/2 - 15*u + 8. Let j be z(15). Suppose j = -2*l - l + 57. Is l prime?
True
Suppose 4*t = -3 - 21. Let x be (t/(-15))/(2/20). Suppose 6*c - 3*c + k = 474, 648 = x*c - 4*k. Is c a composite number?
True
Let t = 1486 - 950. Suppose 9*i - t = 1831. Is i a prime number?
True
Suppose 0 = 8*k - 7 - 9. Suppose -k*o = -4*j + 413 + 3989, 4*o = -2*j + 2206. Is j a prime number?
False
Suppose 1 = -2*h + 5, 3*h = 4*u - 30. Is 92375/45 + 2/u prime?
True
Let s(v) = 18*v**2 + 3*v + 17. Let x be 2/(-3*1/6). Is s(x) a composite number?
False
Let z = -15 + 15. Suppose -w + 39 + 832 = z. Is w a composite number?
True
Suppose 4*w + 3*s = 7099 + 26914, -4*w + 34016 = 4*s. Is w a prime number?
True
Suppose -p + 2851 = 2*w, -2*w - 14330 = -5*p + 3*w. Is p composite?
False
Let g = 15 - 33. Is 6150/14 + g/63 a composite number?
False
Suppose -4*w + 4*c + 4456 = 0, -4*w + 45*c = 40*c - 4451. Is w composite?
True
Let s(i) = -766*i + 1195. Is s(-34) a prime number?
True
Let d(z) be the second derivative of 227*z**4/6 + 5*z**3/6 + z**2 + 7*z. Is d(-3) composite?
False
Suppose 0 = 4*m - 2*c - 3*c - 218, -5*m = -4*c - 268. Let q = 285 + m. Is q a prime number?
True
Let j(c) = 1 - 3 + 7*c**2 + 0*c - 2*c. Let u(n) = n**2 + 33*n - 143. Let r be u(4). Is j(r) composite?
